ime factors of 2653334561?
857, 3096073
List the prime factors of 1619729383.
17, 149, 639451
List the prime factors of 113109486.
2, 3, 7, 107, 25169
What are the prime factors of 716707577?
23, 163, 191173
What are the prime factors of 2637743134?
2, 13, 19, 5339561
What are the prime factors of 32505277?
7, 37, 17929
List the prime factors of 61021290.
2, 3, 5, 11, 184913
What are the prime factors of 3101276261?
137, 769, 29437
What are the prime factors of 185979656?
2, 23, 1010759
What are the prime factors of 20295074?
2, 541, 18757
What are the prime factors of 368610990?
2, 3, 5, 11, 461, 2423
What are the prime factors of 2112470426?
2, 11, 19, 1949, 2593
List the prime factors of 54234015.
3, 5, 11, 29881
What are the prime factors of 73083801?
3, 7, 67, 127, 409
List the prime factors of 576582914.
2, 17, 37, 458333
List the prime factors of 2127637.
277, 7681
What are the prime factors of 143448074?
2, 7, 11, 17, 157, 349
What are the prime factors of 228503776?
2, 53, 134731
List the prime factors of 798613953.
3, 266204651
List the prime factors of 55363090.
2, 5, 5536309
List the prime factors of 51626786.
2, 29, 890117
What are the prime factors of 1801863503?
11, 397, 412609
List the prime factors of 781191327.
3, 7, 17, 19, 41, 53
List the prime factors of 18537150.
2, 3, 5, 123581
List the prime factors of 1165695721.
1165695721
List the prime factors of 4250208273.
3, 5431, 260861
List the prime factors of 20737911.
3, 19, 43, 8461
List the prime factors of 746657446.
2, 61, 967, 6329
What are the prime factors of 95696838?
2, 3, 157, 33863
List the prime factors of 2071002998.
2, 37, 27986527
What are the prime factors of 2525261?
43, 58727
List the prime factors of 80502363.
3, 2981569
List the prime factors of 648953978.
2, 324476989
List the prime factors of 2824925.
5, 112997
List the prime factors of 47824554.
2, 3, 1663, 4793
List the prime factors of 379065355.
5, 75813071
List the prime factors of 958297331.
379, 2528489
List the prime factors of 75383494.
2, 37691747
What are the prime factors of 1262457553?
7, 17, 47, 225721
What are the prime factors of 358982799?
3, 7, 17094419
List the prime factors of 247175066.
2, 19, 23, 282809
List the prime factors of 279464808.
2, 3, 7, 1663481
What are the prime factors of 38379173?
7, 449, 12211
What are the prime factors of 4403315625?
3, 5, 469687
What are the prime factors of 605066017?
605066017
List the prime factors of 120299849.
19, 6331571
List the prime factors of 445584016.
2, 61, 79, 5779
What are the prime factors of 2133954861?
3, 711318287
List the prime factors of 3369431199.
3, 31, 36230443
What are the prime factors of 74688848?
2, 13, 19, 18899
List the prime factors of 976651647.
3, 29, 43, 71, 3677
List the prime factors of 1727251328.
2, 11, 1226741
What are the prime factors of 65669462?
2, 23, 71, 20107
What are the prime factors of 4806411890?
2, 5, 7, 23, 239, 12491
List the prime factors of 135277899.
3, 1723, 26171
List the prime factors of 102837514.
2, 13, 304253
What are the prime factors of 1240439841?
3, 23, 5992463
What are the prime factors of 934775748?
2, 3, 8655331
List the prime factors of 8754766434.
2, 3, 383, 1269911
What are the prime factors of 68851884?
2, 3, 557, 10301
List the prime factors of 78162624.
2, 3, 45233
What are the prime factors of 60143006?
2, 7, 11, 390539
List the prime factors of 1249618459.
41, 30478499
What are the prime factors of 5419805083?
7, 11, 1436471
List the prime factors of 500748075.
3, 5, 29, 8527
List the prime factors of 4257702132.
2, 3, 23, 3167, 4871
What are the prime factors of 24365093?
24365093
List the prime factors of 191972370.
2, 3, 5, 79, 81001
What are the prime factors of 76898969?
7, 10985567
What are the prime factors of 180243973?
7, 13, 1980703
List the prime factors of 59608310.
2, 5, 5960831
List the prime factors of 6043720088.
2, 7, 7949, 13577
List the prime factors of 87850504.
2, 7, 433, 3623
List the prime factors of 93625557.
3, 31208519
List the prime factors of 1449687596.
2, 7, 31, 691, 2417
List the prime factors of 470934880.
2, 5, 13, 373, 607
List the prime factors of 48102613.
13, 1259, 2939
What are the prime factors of 204548832?
2, 3, 19, 29, 1289
What are the prime factors of 24965344?
2, 331, 2357
What are the prime factors of 74047485?
3, 5, 4936499
What are the prime factors of 1076919609?
3, 67, 197, 27197
What are the prime factors of 701825838?
2, 3, 7, 19, 419, 2099
What are the prime factors of 11256765?
3, 5, 13, 57727
What are the prime factors of 3922266631?
67, 58541293
What are the prime factors of 210468838?
2, 105234419
What are the prime factors of 76984143?
3, 17, 19, 53, 1499
What are the prime factors of 14682819?
3, 997, 4909
List the prime factors of 41010362.
2, 571, 35911
What are the prime factors of 438104611?
7, 263, 237971
What are the prime factors of 2343516718?
2, 113, 10369543
List the prime factors of 1784439609.
3, 67, 8877809
List the prime factors of 16632514.
2, 2467, 3371
What are the prime factors of 20223699?
3, 6741233
What are the prime factors of 101084734?
2, 50542367
What are the prime factors of 1040678782?
2, 11, 13, 643, 5659
List the prime factors of 240773936.
2, 13, 23, 50329
List the prime factors of 1356646320.
2, 3, 5, 209359
What are the prime factors of 23034302?
2, 31, 103, 3607
List the prime factors of 178451004.
2, 3, 31, 491, 977
List the prime factors of 97534938.
2, 3, 479, 33937
List the prime factors of 1072792466.
2, 43, 179, 227, 307
What are the prime factors of 199756277?
7, 28536611
List the prime factors of 59469714.
2, 3, 367097
List the prime factors of 69617800.
2, 5, 7, 49727
What are the prime factors of 20982006?
2, 3, 1165667
List the prime factors of 1080166391.
107, 10095013
List the prime factors of 49476057.
3, 19, 311, 2791
What are the prime factors of 5059893160?
2, 5, 7, 31, 582937
What are the prime factors of 21898402?
2, 10949201
List the prime factors of 989235264.
2, 3, 73, 163, 433
What are the prime factors of 2840296537?
13, 7877, 27737
List the prime factors of 1062145833.
3, 7, 347, 145759
What are the prime factors of 201626570?
2, 5, 43, 468899
What are the prime factors of 4310655764?
2, 991, 1087451
What are the prime factors of 137567611?
137567611
What are the prime factors of 1053288767?
31, 33977057
List the prime factors of 11170225.
5, 11, 151, 269
List the prime factors of 1123578307.
509, 2207423
What are the prime factors of 78289180?
2, 5, 3914459
List the prime factors of 980964363.
3, 61, 5360461
What are the prime factors of 174245910?
2, 3, 5, 211, 27527
List the prime factors of 413838427.
413838427
List the prime factors of 2403832969.
31, 83, 934253
What are the prime factors of 34777944?
2, 3, 161009
List the prime factors of 175690932.
2, 3, 29, 401, 1259
What are the prime factors of 368563836?
2, 3, 31, 43, 23041
What are the prime factors of 274244202?
2, 3, 15235789
What are the prime factors of 3454495250?
2, 5, 127, 108803
What are the prime factors of 48792641?
2267, 21523
List the prime factors of 2506998264.
2, 3, 29, 59, 61051
List the prime factors of 1313027487.
3, 17, 1249, 6871
What are the prime factors of 1716493132?
2, 429123283
List the prime factors of 5753329131.
3, 11, 61, 569, 5023
What are the prime factors of 235098313?
2131, 110323
List the prime factors of 515805.
3, 5, 137, 251
What are the prime factors of 24755675?
5, 7, 141461
List the prime factors of 2583355558.
2, 7, 19, 157, 8837
What are the prime factors of 157113024?
2, 3, 83, 9859
List the prime factors of 6759693.
3, 17, 4909
What are the prime factors of 7128788?
2, 1782197
What are the prime factors of 127320397?
2269, 56113
List the prime factors of 244284605.
5, 229, 213349
List the prime factors of 5969198.
2, 2984599
What are the prime factors of 9269604?
2, 3, 257489
What are the prime factors of 140075475?
3, 5, 41, 45553
List the prime factors of 4283265074.
2, 11, 367, 530501
What are the prime factors of 8387169?
3, 7, 399389
List the prime factors of 24111914.
2, 12055957
What are the prime factors of 587248235?
5, 7, 16778521
List the prime factors of 120382022.
2, 60191011
What are the prime factors of 501703111?
7, 13, 71, 11093